{"id":55,"date":"2025-09-05T14:54:59","date_gmt":"2025-09-05T14:54:59","guid":{"rendered":"http:\/\/www.tuncelimerkez4noluasm.com.tr\/?page_id=55"},"modified":"2026-02-22T19:51:51","modified_gmt":"2026-02-22T19:51:51","slug":"kadromuz","status":"publish","type":"page","link":"https:\/\/www.tuncelimerkez4noluasm.com.tr\/?page_id=55","title":{"rendered":"Kadromuz"},"content":{"rendered":"\n<p><\/p>\n\n\n\n<h2 class=\"wp-block-heading\"><strong>Doktor Hakan KASUN<\/strong><\/h2>\n\n\n\n<figure class=\"wp-block-image size-full is-resized\"><img loading=\"lazy\" decoding=\"async\" width=\"405\" height=\"514\" src=\"https:\/\/www.tuncelimerkez4noluasm.com.tr\/wp-content\/uploads\/2026\/02\/image-1.png\" alt=\"\" class=\"wp-image-154\" style=\"width:200px\" srcset=\"https:\/\/www.tuncelimerkez4noluasm.com.tr\/wp-content\/uploads\/2026\/02\/image-1.png 405w, https:\/\/www.tuncelimerkez4noluasm.com.tr\/wp-content\/uploads\/2026\/02\/image-1-236x300.png 236w\" sizes=\"auto, (max-width: 405px) 100vw, 405px\" \/><\/figure>\n\n\n\n<p><\/p>\n\n\n\n<h2 class=\"wp-block-heading\"><strong>Ebe Ferah \u00c7ET\u0130N (ASM \u00c7al\u0131\u015fan\u0131)<\/strong><\/h2>\n\n\n\n<figure class=\"wp-block-image size-full\"><img loading=\"lazy\" decoding=\"async\" width=\"256\" height=\"256\" src=\"https:\/\/www.tuncelimerkez4noluasm.com.tr\/wp-content\/uploads\/2026\/02\/665454ba03425.png\" alt=\"\" class=\"wp-image-155\" srcset=\"https:\/\/www.tuncelimerkez4noluasm.com.tr\/wp-content\/uploads\/2026\/02\/665454ba03425.png 256w, https:\/\/www.tuncelimerkez4noluasm.com.tr\/wp-content\/uploads\/2026\/02\/665454ba03425-150x150.png 150w\" sizes=\"auto, (max-width: 256px) 100vw, 256px\" \/><\/figure>\n\n\n\n<p><\/p>\n","protected":false},"excerpt":{"rendered":"<p>Doktor Hakan KASUN Ebe Ferah \u00c7ET\u0130N (ASM \u00c7al\u0131\u015fan\u0131)<\/p>\n","protected":false},"author":2,"featured_media":0,"parent":0,"menu_order":0,"comment_status":"closed","ping_status":"closed","template":"","meta":{"colormag_page_layout":"default_layout","footnotes":""},"class_list":["post-55","page","type-page","status-publish","hentry"],"_links":{"self":[{"href":"https:\/\/www.tuncelimerkez4noluasm.com.tr\/index.php?rest_route=\/wp\/v2\/pages\/55","targetHints":{"allow":["GET"]}}],"collection":[{"href":"https:\/\/www.tuncelimerkez4noluasm.com.tr\/index.php?rest_route=\/wp\/v2\/pages"}],"about":[{"href":"https:\/\/www.tuncelimerkez4noluasm.com.tr\/index.php?rest_route=\/wp\/v2\/types\/page"}],"author":[{"embeddable":true,"href":"https:\/\/www.tuncelimerkez4noluasm.com.tr\/index.php?rest_route=\/wp\/v2\/users\/2"}],"replies":[{"embeddable":true,"href":"https:\/\/www.tuncelimerkez4noluasm.com.tr\/index.php?rest_route=%2Fwp%2Fv2%2Fcomments&post=55"}],"version-history":[{"count":3,"href":"https:\/\/www.tuncelimerkez4noluasm.com.tr\/index.php?rest_route=\/wp\/v2\/pages\/55\/revisions"}],"predecessor-version":[{"id":156,"href":"https:\/\/www.tuncelimerkez4noluasm.com.tr\/index.php?rest_route=\/wp\/v2\/pages\/55\/revisions\/156"}],"wp:attachment":[{"href":"https:\/\/www.tuncelimerkez4noluasm.com.tr\/index.php?rest_route=%2Fwp%2Fv2%2Fmedia&parent=55"}],"curies":[{"name":"wp","href":"https:\/\/api.w.org\/{rel}","templated":true}]}}