{"id":52,"date":"2025-09-05T14:53:28","date_gmt":"2025-09-05T14:53:28","guid":{"rendered":"http:\/\/www.tuncelimerkez4noluasm.com.tr\/?page_id=52"},"modified":"2025-09-05T14:53:28","modified_gmt":"2025-09-05T14:53:28","slug":"oncelikli-hastalar","status":"publish","type":"page","link":"https:\/\/www.tuncelimerkez4noluasm.com.tr\/?page_id=52","title":{"rendered":"\u00d6ncelikli Hastalar"},"content":{"rendered":"\n<p>1) Acil vakalar (Ani geli\u015fen hastal\u0131k,kaza,yaralanma,ve benzeri durumlar ile ivedilikle t\u0131bbi m\u00fcdahale yap\u0131lmas\u0131 gerekti\u011fine hekim taraf\u0131ndan karar verilen vakalar),<\/p>\n\n\n\n<p>2) Engelli hastalar,<\/p>\n\n\n\n<p>3) Hamileler,<\/p>\n\n\n\n<p>4) Hizmetteki TSK, J. Gn.K.l\u0131\u011f\u0131 ve S.G.k.l\u0131\u011f\u0131 r\u00fctbeli personeli,<\/p>\n\n\n\n<p>5) Harp ve vazife \u015fehitlerinin dul ve yetimleri ile mal\u00fcl ve gaziler ile aileleri,<\/p>\n\n\n\n<p>6) 65 ya\u015f \u00fcst\u00fc ya\u015fl\u0131lar,<\/p>\n\n\n\n<p>7) Yedi ya\u015f\u0131ndan k\u00fc\u00e7\u00fck \u00e7ocuklar<\/p>\n\n\n\n<p>8) \u00d6ncelikli olarak garnizon d\u0131\u015f\u0131ndan sevkle gelenler olmak \u00fczere,hizmetteki TSK,J.Gn.K.l\u0131\u011f\u0131 ve S.G.K.l\u0131\u011f\u0131 personeli ve bakmakla y\u00fck\u00fcml\u00fc oldu\u011fu ki\u015filer,<\/p>\n\n\n\n<p>9) Emekli TSK, J.Gn.K.l\u0131\u011f\u0131 ve S.G.K.l\u0131\u011f\u0131 personeli ve bakmakla y\u00fck\u00fcml\u00fc oldu\u011fu ki\u015filer.<\/p>\n\n\n\n<p><em>Sa\u011fl\u0131k muayenesinde \u00f6nceliklidir.<\/em><\/p>\n\n\n\n<figure class=\"wp-block-image size-full\"><img loading=\"lazy\" decoding=\"async\" width=\"400\" height=\"239\" src=\"http:\/\/www.tuncelimerkez4noluasm.com.tr\/wp-content\/uploads\/2025\/09\/image-2.png\" alt=\"\" class=\"wp-image-53\" srcset=\"https:\/\/www.tuncelimerkez4noluasm.com.tr\/wp-content\/uploads\/2025\/09\/image-2.png 400w, https:\/\/www.tuncelimerkez4noluasm.com.tr\/wp-content\/uploads\/2025\/09\/image-2-300x179.png 300w\" sizes=\"auto, (max-width: 400px) 100vw, 400px\" \/><\/figure>\n","protected":false},"excerpt":{"rendered":"<p>1) Acil vakalar (Ani geli\u015fen hastal\u0131k,kaza,yaralanma,ve benzeri durumlar ile ivedilikle t\u0131bbi m\u00fcdahale yap\u0131lmas\u0131 gerekti\u011fine hekim taraf\u0131ndan karar verilen vakalar), 2)<\/p>\n","protected":false},"author":2,"featured_media":0,"parent":0,"menu_order":0,"comment_status":"closed","ping_status":"closed","template":"","meta":{"colormag_page_layout":"default_layout","footnotes":""},"class_list":["post-52","page","type-page","status-publish","hentry"],"_links":{"self":[{"href":"https:\/\/www.tuncelimerkez4noluasm.com.tr\/index.php?rest_route=\/wp\/v2\/pages\/52","targetHints":{"allow":["GET"]}}],"collection":[{"href":"https:\/\/www.tuncelimerkez4noluasm.com.tr\/index.php?rest_route=\/wp\/v2\/pages"}],"about":[{"href":"https:\/\/www.tuncelimerkez4noluasm.com.tr\/index.php?rest_route=\/wp\/v2\/types\/page"}],"author":[{"embeddable":true,"href":"https:\/\/www.tuncelimerkez4noluasm.com.tr\/index.php?rest_route=\/wp\/v2\/users\/2"}],"replies":[{"embeddable":true,"href":"https:\/\/www.tuncelimerkez4noluasm.com.tr\/index.php?rest_route=%2Fwp%2Fv2%2Fcomments&post=52"}],"version-history":[{"count":1,"href":"https:\/\/www.tuncelimerkez4noluasm.com.tr\/index.php?rest_route=\/wp\/v2\/pages\/52\/revisions"}],"predecessor-version":[{"id":54,"href":"https:\/\/www.tuncelimerkez4noluasm.com.tr\/index.php?rest_route=\/wp\/v2\/pages\/52\/revisions\/54"}],"wp:attachment":[{"href":"https:\/\/www.tuncelimerkez4noluasm.com.tr\/index.php?rest_route=%2Fwp%2Fv2%2Fmedia&parent=52"}],"curies":[{"name":"wp","href":"https:\/\/api.w.org\/{rel}","templated":true}]}}