{"id":46,"date":"2025-09-05T14:50:28","date_gmt":"2025-09-05T14:50:28","guid":{"rendered":"http:\/\/www.tuncelimerkez4noluasm.com.tr\/?page_id=46"},"modified":"2025-09-05T14:50:28","modified_gmt":"2025-09-05T14:50:28","slug":"hakkimizda","status":"publish","type":"page","link":"https:\/\/www.tuncelimerkez4noluasm.com.tr\/?page_id=46","title":{"rendered":"Hakk\u0131m\u0131zda"},"content":{"rendered":"\n<p>Aile Sa\u011fl\u0131\u011f\u0131 Merkezimizde 1 Aile Hekimli\u011fi Birimi ile hizmet verilmektedir.<br>Verilen hizmetler aras\u0131nda: Muayene, d\u00fczenli kullan\u0131lan ila\u00e7lar\u0131n yaz\u0131lmas\u0131, laboratuvar, aile planlamas\u0131 hizmetleri, gebe takibi, bebek takibi, a\u015f\u0131lama, acil m\u00fcdahele, enjeksiyon, pansuman vb. hizmetler yer almaktad\u0131r.<\/p>\n\n\n\n<p>1) Poliklinik hizmetleri<br>2) Koruyucu Sa\u011fl\u0131k Hizmetleri<br>3) 15-49 Ya\u015f Kad\u0131n \u0130zlemleri<br>4) Gebe ve Lohusa \u0130zlemleri<br>5) Bebek ve \u00c7ocuk \u0130zlemleri<br>6) Obezite \u0130zlemleri<br>7) Aile Planlamas\u0131 Hizmetleri<br>8) Enjeksiyon ve Pansuman Hizmetleri<br>9) Tetkik ve Tahlil Hizmetleri<\/p>\n\n\n\n<figure class=\"wp-block-image size-full is-resized\"><img loading=\"lazy\" decoding=\"async\" width=\"920\" height=\"920\" src=\"http:\/\/www.tuncelimerkez4noluasm.com.tr\/wp-content\/uploads\/2025\/09\/image.png\" alt=\"\" class=\"wp-image-47\" style=\"width:249px;height:auto\" srcset=\"https:\/\/www.tuncelimerkez4noluasm.com.tr\/wp-content\/uploads\/2025\/09\/image.png 920w, https:\/\/www.tuncelimerkez4noluasm.com.tr\/wp-content\/uploads\/2025\/09\/image-300x300.png 300w, https:\/\/www.tuncelimerkez4noluasm.com.tr\/wp-content\/uploads\/2025\/09\/image-150x150.png 150w, https:\/\/www.tuncelimerkez4noluasm.com.tr\/wp-content\/uploads\/2025\/09\/image-768x768.png 768w\" sizes=\"auto, (max-width: 920px) 100vw, 920px\" \/><\/figure>\n","protected":false},"excerpt":{"rendered":"<p>Aile Sa\u011fl\u0131\u011f\u0131 Merkezimizde 1 Aile Hekimli\u011fi Birimi ile hizmet verilmektedir.Verilen hizmetler aras\u0131nda: Muayene, d\u00fczenli kullan\u0131lan ila\u00e7lar\u0131n yaz\u0131lmas\u0131, laboratuvar, aile planlamas\u0131<\/p>\n","protected":false},"author":2,"featured_media":0,"parent":0,"menu_order":0,"comment_status":"closed","ping_status":"closed","template":"","meta":{"colormag_page_layout":"default_layout","footnotes":""},"class_list":["post-46","page","type-page","status-publish","hentry"],"_links":{"self":[{"href":"https:\/\/www.tuncelimerkez4noluasm.com.tr\/index.php?rest_route=\/wp\/v2\/pages\/46","targetHints":{"allow":["GET"]}}],"collection":[{"href":"https:\/\/www.tuncelimerkez4noluasm.com.tr\/index.php?rest_route=\/wp\/v2\/pages"}],"about":[{"href":"https:\/\/www.tuncelimerkez4noluasm.com.tr\/index.php?rest_route=\/wp\/v2\/types\/page"}],"author":[{"embeddable":true,"href":"https:\/\/www.tuncelimerkez4noluasm.com.tr\/index.php?rest_route=\/wp\/v2\/users\/2"}],"replies":[{"embeddable":true,"href":"https:\/\/www.tuncelimerkez4noluasm.com.tr\/index.php?rest_route=%2Fwp%2Fv2%2Fcomments&post=46"}],"version-history":[{"count":1,"href":"https:\/\/www.tuncelimerkez4noluasm.com.tr\/index.php?rest_route=\/wp\/v2\/pages\/46\/revisions"}],"predecessor-version":[{"id":48,"href":"https:\/\/www.tuncelimerkez4noluasm.com.tr\/index.php?rest_route=\/wp\/v2\/pages\/46\/revisions\/48"}],"wp:attachment":[{"href":"https:\/\/www.tuncelimerkez4noluasm.com.tr\/index.php?rest_route=%2Fwp%2Fv2%2Fmedia&parent=46"}],"curies":[{"name":"wp","href":"https:\/\/api.w.org\/{rel}","templated":true}]}}